119, 644 = -z + 3*j + m. Let c = z + 1510. Is c a composite number?
False
Let g = -454855 - -640756. Is g prime?
False
Let g(d) = 13*d**2 - 214*d - 1084. Is g(-145) prime?
True
Let d(s) = 2*s. Let g be d(-4). Let r be ((-4)/g)/((-1)/(-6)). Suppose r*l = -2*v + 711, -l + 2*l - 251 = 4*v. Is l a prime number?
True
Suppose 3558 = 6*b - 15564. Suppose -9578 = -15*t + b. Is t prime?
False
Let v be 1568695/25 + 5 + 24/(-5). Suppose -27*n + v = -66015. Is n a composite number?
True
Let a = 3260157 - 118258. Is a a prime number?
True
Let c(j) = j**2 - 5*j - 20. Let p be c(7). Let v(n) = 3*n**2 + 2*n - 10. Let q be v(p). Let u = q - -711. Is u composite?
False
Is ((-141674)/(-4))/(((-1794)/92)/(-39)) composite?
True
Is (17/(-36) - (-4)/18)*(-214752476)/577 a composite number?
False
Let k(i) = 2*i + 39 - 99 + 7*i**2 + 49. Is k(-10) prime?
False
Suppose 469932 = 8*i - 21*s + 20*s, -3*i + 176231 = -2*s. Is i a composite number?
False
Suppose 3*f + 476 = 4004. Suppose -844 - 5339 = 9*z. Let x = f + z. Is x a prime number?
False
Let a be (-4)/(-66)*-3 - (-520)/(-286). Is (12245/(-10) + 6)*(a - 0) a prime number?
True
Suppose 111 = 7*g - 1. Suppose 4*p - 4*w = g, 3*p - 2*w = 4 + 4. Suppose -2*o - 2*q + 3078 = p, 5*o - 9*q = -12*q + 7699. Is o a composite number?
True
Let f be ((-8)/(-3))/2*3. Suppose -5*v + f*d + 340 = 0, v + 2*d - 62 = 4*d. Let k = v - -15. Is k prime?
False
Let h(r) = 2322*r**2 + 441*r + 2693. Is h(-6) prime?
True
Let l(u) = -2*u**2 - 11*u - 5. Let b be l(-5). Suppose -20*h + 5*r + 602 = -18*h, -4*h - 3*r + 1204 = b. Is h a prime number?
False
Let l(a) = -5*a**3 - a**2 - a - 6. Let q be l(4). Is (q/8)/(-11 - (-6508)/592) composite?
True
Let g = 29 - 25. Suppose 0 = g*t - 2552 + 896. Let a = t - 25. Is a a prime number?
True
Suppose 4*i - 5*i = -2. Let h be (15/(-30))/(i/(-12)). Suppose -h*u - 2*k = -1133, u + k - 105 - 272 = 0. Is u composite?
False
Suppose 15 = 5*d - u - 5, -3*u - 6 = 3*d. Suppose -3*h - 3*t = -0*h - 642, 5*h = -d*t + 1060. Is h a prime number?
False
Suppose 2467323 = -97*a + 106*a. Is a prime?
True
Let k = 130 + -154. Let h = 109 - k. Is h a composite number?
True
Let m = 15 + 2. Suppose 0 = -4*g - 2*f + 942, -6*f + 6 = -4*f. Suppose -x = -m - g. Is x a prime number?
True
Is ((-32)/160)/(1/(-1915990)) a prime number?
False
Let v(c) = -51*c**3 - 8*c**2 + 5*c + 113. Is v(-9) composite?
False
Suppose 0 = 5*g + 2*f - 17, -6*g + g + 2*f + 13 = 0. Let q(r) = r**3 - 2*r**2 - 3*r + 2. Let b be q(g). Is (3 + 5/b)*82 a composite number?
True
Suppose -13 = m - a + 4, -3*a = 5*m + 53. Is m/((-195)/(-13670))*-3 a composite number?
True
Suppose 3*s + 0*n = 4*n + 560, -n + 535 = 3*s. Suppose -2*y - y + 9 = 0, 0 = 5*f - 5*y + s. Let l = f + 64. Is l composite?
False
Is 1/2 - (-979)/(-178) - (-1937928 + -4) a composite number?
False
Let b = -182 + 120. Let w be (b/(-15) - 1) + 4/(-30). Suppose w*l = -2*a + 362, 3*a - 752 = -a + l. Is a a composite number?
True
Suppose 0 = 5*m - 19 + 4. Suppose -10*w = -42 + 22. Suppose 0 = 4*d - 2*v - 11768, m*d = w*d - v + 2939. Is d composite?
True
Let m(y) = 37*y + y**3 - 16*y - 10*y + 8*y**2 - 20 - 5. Is m(16) a prime number?
False
Let p be 2/4*0*1 + 17299. Let x = p + -12220. Let b = x + -3284. Is b prime?
False
Let m(n) be the first derivative of 22*n**4 - n**3/3 + n**2 + n - 11. Let k be m(2). Let i = 1396 - k. Is i composite?
False
Let d = -823 - -1461. Let n = -383 - d. Let u = 2640 + n. Is u a prime number?
True
Let m(c) be the first derivative of 2*c**3 + 13*c**2/2 + 25*c + 45. Is m(-6) a composite number?
False
Suppose -170*c + 2*w - 92126 = -172*c, -3*c + 21*w + 138141 = 0. Is c a prime number?
True
Let j(s) = -s**2 + 12*s + 10. Let i be j(13). Is (-1)/(((-6)/(-48058))/i) composite?
False
Let p = 9606 - 5677. Let s = p + -2047. Let g = -873 + s. Is g prime?
True
Suppose -12 = -4*s - w, 20 = -0*s + s - 4*w. Suppose -2*b + 3*b = 4*l - 2, -5*l - 1 = -3*b. Suppose -3*h = -q + 565, -4*h = -s*q + b*q + 1122. Is q composite?
True
Suppose 0 = 5*p + 5*i - 125, 5*p - 5*i = -3*i + 111. Suppose -u - 5*d = -7, 4*d - p = u + 4*u. Is ((-47439)/(-6))/u*(-4)/6 composite?
True
Let m = 62285 + -28102. Is m prime?
True
Suppose -28 + 15 = 13*f. Is (2/(-4) + f)*(-359004)/18 composite?
False
Suppose -2*s - 8 + 16 = 0. Suppose -s*f = f - 12370. Is 3*f*(-2)/(-18)*3 a composite number?
True
Let h(k) = -49*k + 9. Let l be h(-10). Suppose 7*d - 64248 = -l. Is d a composite number?
True
Let s(r) = 10*r - 4. Let p be s(1). Suppose -p*q = -9263 - 595. Is q a prime number?
False
Let c(s) = -17 + 3*s**2 - 12*s + 29 - 2*s - 3*s. Let y be c(5). Is -1 - (0/(y + -3) + -252) a prime number?
True
Let k(u) = 11*u**2 + 7*u + 82. Let a be k(26). Let w = a - 3589. Is w a prime number?
True
Let f be 2/8 + (-275)/(-20) + -9. Suppose -6 + 3 = -3*z, 3*g - f*z - 1168 = 0. Is g a composite number?
True
Let a(h) = 3790*h - 16. Let o be a(7). Suppose 0 = -26*n + o + 69452. Is n prime?
True
Suppose -p + 2*j - 4 = 0, 2*j + 0 - 2 = 0. Let f(i) = -132*i**3 - 2*i**2 + 1. Let g be f(p). Suppose 0 = -w + g + 1050. Is w prime?
True
Suppose -8*p + 67 = 59. Is 0/5 - (p - 264) a prime number?
True
Suppose 34*l - 105 = -4*z + 31*l, -9 = -z + 5*l. Suppose -n = -1, 3*h + 0*h = 4*n + 20. Is (-5 - 138/h)*z/(-2) composite?
True
Let w(s) = -3*s - 5. Let z be w(-2). Let m be (-6)/4*((1 - z) + 2). Is 2 + 91 - m/(-1) - 1 composite?
False
Let c be -15*6/10*(-2)/(-2). Let x be (-244)/12*-1 - (-3)/c. Suppose 5*v = x, -3*v - 5522 = -2*a - 4*v. Is a prime?
False
Suppose -17530515 - 1032702 = -49*i - 1045570. Is i composite?
False
Suppose -5*h + 4*b = -0*b + 10, 3*h - 4*b = -14. Suppose 0 = -3*x - h*x + 45. Suppose -8*g = -x*g + 1471. Is g composite?
False
Suppose 6 = 3*s, 2*o + 3*s - 333889 = -67061. Is o prime?
False
Let i(w) = -w**2 + 5*w + 13. Let a be i(4). Suppose -18161 = -a*u + 4*u. Is u prime?
False
Let y(f) = -5*f + 4. Suppose 0 = 5*v + 2*m + 2, v + 3*m = -0*v + 10. Is y(v) a prime number?
False
Let q(h) = -19*h + 31. Let y be q(8). Let n = y + 192. Is n a prime number?
True
Let i(l) = 291*l**3 + 13*l**2 + 8*l - 19. Let s(g) = -146*g**3 - 6*g**2 - 4*g + 9. Let w be 1/(-2*1/18). Let d(p) = w*s(p) - 4*i(p). Is d(2) prime?
False
Let u be (-4)/6 + 1 + (-38)/(-3). Suppose 4*q = 61 - 1. Suppose -u*z - 1354 = -q*z. Is z a composite number?
False
Let d be 6/15 - 28/(-5). Suppose -d = -5*i + 11*i. Is (i + 1156 + -4)*(-1 - -2) composite?
False
Suppose 11*p - 17*p = -18. Suppose 0 = -n - p*u + 740, -4*n - u + 1707 + 1297 = 0. Suppose -2*b + n = -242. Is b a prime number?
False
Suppose 0 = 8*b - 4*b - 88. Let s = 27 - b. Is ((-2)/(-2))/((-11220)/2245 + s) a prime number?
True
Is ((-26689)/26 + 2)/(3/(-10)) a composite number?
True
Let t = 26316 - 4580. Suppose 4*b = -5*q + 3*q + t, 0 = -4*b - 3*q + 21734. Is b a prime number?
False
Is ((-3745096)/(-16))/(10/20) composite?
False
Suppose -33*p + 37*p = 60. Let k(n) = 336*n - 91. Let y(l) = -67*l + 18. Let x(j) = -2*k(j) - 11*y(j). Is x(p) a composite number?
True
Suppose 5*d + 3*d = 344. Suppose -j - d = -206. Is j prime?
True
Let u = -3565 + 45444. Is u prime?
True
Suppose -31*o + 38*o - 21 = 0. Suppose -7*r = -o*r + 5*a - 114733, 0 = r - 2*a - 28693. Is r composite?
False
Let r(s) = -s**3 + 24*s**2 - 24*s + 17. Let m be r(23). Let b(i) = -1007*i - 61. Is b(m) composite?
False
Let s = -134 + 135. Is 0 + -4 + s - (-4 - 3034) prime?
False
Is (18/4 - (-7 - -11))*(1155915 + 23) prime?
False
Suppose -2*h + 7 = 3*k, -1 + 8 = -3*h - k. Let n be (-10)/(-20) + (-10)/h. Suppose -2*i - 5*z + 828 = 0, i + n*z = -z + 411. Is i a composite number?
False
Let w = 579 - 1502. Let s = 8206 + w. Is s prime?
True
Let k(n) = 1102*n - 28. Let q(s) = 367*s - 9. Let l(o) = -4*k(o) + 11*q(o). Let w be l(-4). Suppose -61*b = -64*b + w. Is b composite?
False
Let j = 3682 - 1503. Suppose j - 491 = 8*t. Is t a composite number?
False
Suppose -2*s + 4*d = -5*s - 25, -2*d - 8 = 0. Let q be 1356/8*(-8)/s. Let y = q + 455. Is y composite?
False
Let m(s) = 1319*s + 11. Let w(j) = -661*j - 10. Let c(b) = -3*m(b) - 5*w(b). Let z = -7 - -4. Is c(z) a composite number?
False
Suppose -350*r + 17294804 = -29644046. Is r composite?
True
Suppose 273*c - 8895140 = 169*c - 206*c. Is c a composite number?
True
Let n be (-90)/(-16) + 12/32. Let z(q) = 398*q + 5